hen 179209755 is divided by 49?
46
Calculate the remainder when 50596 is divided by 3107.
884
Calculate the remainder when 103278 is divided by 294.
84
What is the remainder when 446825 is divided by 1907?
587
What is the remainder when 19273306 is divided by 1204581?
10
Calculate the remainder when 487507 is divided by 3838.
81
What is the remainder when 124832029 is divided by 3488?
3485
Calculate the remainder when 2465778 is divided by 1499.
1422
What is the remainder when 784818150 is divided by 643?
642
What is the remainder when 10272839 is divided by 60?
59
Calculate the remainder when 2490502 is divided by 5765.
22
What is the remainder when 102846993 is divided by 591?
582
What is the remainder when 734220 is divided by 215?
210
Calculate the remainder when 12832997 is divided by 707.
240
What is the remainder when 11272182 is divided by 88?
86
What is the remainder when 891910 is divided by 56?
54
What is the remainder when 13417285 is divided by 645?
640
Calculate the remainder when 12418386 is divided by 1149.
1143
Calculate the remainder when 899801 is divided by 1115.
1111
Calculate the remainder when 5354828 is divided by 2210.
2208
What is the remainder when 71763 is divided by 2404?
2047
Calculate the remainder when 11706936 is divided by 333.
321
Calculate the remainder when 280019986 is divided by 267.
265
What is the remainder when 1808153 is divided by 189?
179
What is the remainder when 13059891 is divided by 119?
117
Calculate the remainder when 49651497 is divided by 948.
945
Calculate the remainder when 14931773 is divided by 134.
19
What is the remainder when 44019214 is divided by 83?
81
What is the remainder when 28761 is divided by 3581?
113
What is the remainder when 63762013 is divided by 15940501?
9
Calculate the remainder when 1037306 is divided by 628.
478
What is the remainder when 11200472 is divided by 11?
8
Calculate the remainder when 2480893 is divided by 765.
763
Calculate the remainder when 43061919 is divided by 2276.
2275
What is the remainder when 1569501 is divided by 60365?
11
Calculate the remainder when 31946539 is divided by 46.
45
What is the remainder when 894744 is divided by 929?
117
What is the remainder when 780444 is divided by 269?
75
Calculate the remainder when 817288 is divided by 73.
53
What is the remainder when 12999234 is divided by 58?
42
What is the remainder when 2198937 is divided by 7712?
1017
What is the remainder when 1703048 is divided by 1752?
104
Calculate the remainder when 1614431 is divided by 1015.
581
Calculate the remainder when 18264785 is divided by 46007.
6
What is the remainder when 8661428 is divided by 12?
8
Calculate the remainder when 5726018 is divided by 469.
466
Calculate the remainder when 178542 is divided by 183.
117
What is the remainder when 703729 is divided by 351780?
169
Calculate the remainder when 287021 is divided by 1428.
1421
Calculate the remainder when 306963 is divided by 6393.
99
Calculate the remainder when 968251 is divided by 109.
4
Calculate the remainder when 379852 is divided by 94938.
100
Calculate the remainder when 3043992 is divided by 42.
0
What is the remainder when 3118751 is divided by 24?
23
What is the remainder when 2383693 is divided by 31364?
29
What is the remainder when 104998214 is divided by 319?
2
What is the remainder when 322999 is divided by 866?
847
What is the remainder when 1971095 is divided by 45839?
18
What is the remainder when 37631875 is divided by 7310?
7305
Calculate the remainder when 180702 is divided by 59657.
1731
What is the remainder when 1022711 is divided by 1022706?
5
Calculate the remainder when 192827 is divided by 2960.
427
What is the remainder when 50463904 is divided by 720912?
64
What is the remainder when 14980327 is divided by 104030?
7
Calculate the remainder when 1690030 is divided by 3698.
44
Calculate the remainder when 675570 is divided by 937.
930
What is the remainder when 24068 is divided by 7899?
371
Calculate the remainder when 3272716 is divided by 1090881.
73
What is the remainder when 140074 is divided by 2299?
2134
Calculate the remainder when 133131 is divided by 260.
11
Calculate the remainder when 1399359 is divided by 398.
389
Calculate the remainder when 13530949 is divided by 3658.
7
Calculate the remainder when 38672 is divided by 129.
101
Calculate the remainder when 16149602 is divided by 546.
14
Calculate the remainder when 177371 is divided by 1.
0
What is the remainder when 7270643 is divided by 5?
3
What is the remainder when 6751703 is divided by 37719?
2
Calculate the remainder when 15884 is divided by 186.
74
Calculate the remainder when 18450 is divided by 14.
12
Calculate the remainder when 74492 is divided by 2337.
2045
Calculate the remainder when 18626 is divided by 456.
386
What is the remainder when 1995845 is divided by 30240?
5
What is the remainder when 736321 is divided by 275?
146
What is the remainder when 415475 is divided by 69157?
533
Calculate the remainder when 2424899 is divided by 25.
24
What is the remainder when 136040 is divided by 66806?
2428
What is the remainder when 4562471 is divided by 2414?
11
What is the remainder when 6105296 is divided by 339183?
2
Calculate the remainder when 6448593 is divided by 113.
22
What is the remainder when 1708529 is divided by 427125?
29
What is the remainder when 3772522 is divided by 2549?
2
What is the remainder when 13884 is divided by 378?
276
Calculate the remainder when 4330185 is divided by 14244.
9
Calculate the remainder when 8856 is divided by 2111.
412
Calculate the remainder when 52429 is divided by 2779.
2407
What is the remainder when 1066944 is divided by 152420?
4
Calculate the remainder when 146211665 is divided by 1371.
1370
What is the remainder when 20041 is divided by 229?
118
Calculate the remainder when 27077193 is divided by 6239.
6172
What is the remainder when 18178880 is divided by 1751?
1749
Calculate the remainder when 4911700 is divided by 7687.
7394
Calculate the remainder when 43645 is divided by 357.
91
Calculate the remainder when 595069 is divided by 1331.
112
Calculate the remainder when 77217 is divided by 1678.
29
What is the remainder when 29317890 is divided by 7184?
7170
What is the remainder when 107432 is divided by 1002?
218
Calculate the remainder when 88488 is divided by 3834.
306
What is the remainder when 206071 is divided by 51447?
283
What is the remainder when 64139578 is divided by 434?
20
Calculate the remainder when 173386 is divided by 781.
4
Calculate the remainder when 588447 is divided by 550.
497
What is the remainder when 205787 is divided by 1317?
335
What is the remainder when 635556 is divided by 635545?
11
What is the remainder when 32944 is divided by 32698?
246
What is the remainder when 13969074 is divided by 2859?
0
What is the remainder when 9288642 is divided by 69?
0
Calculate the remainder when 49048725 is divided by 302.
301
Calculate the remainder when 1386750 is divided by 230904.
1326
What is the remainder when 310174470 is divided by 41?
40
Calculate the remainder when 26799838 is divided by 412305.
13
Calculate the remainder when 2173494 is divided by 1429.
1414
What is the remainder when 169082 is divided by 9?
8
Calculate the remainder when 25895 is divided by 1905.
1130
What is the remainder when 39856 is divided by 1032?
640
What is the remainder when 463251495 is divided by 5397?
0
What is the remainder when 94293958 is divided by 24?
22
Calculate the remainder when 276076 is divided by 1334.
1272
Calculate the remainder when 8075134 is divided by 146.
20
What is the remainder when 245400 is divided by 245049?
351
What is the remainder when 90761833 is divided by 5417?
5415
What is the remainder when 1402 is divided by 441?
79
What is the remainder when 7799525 is divided by 111?
110
Calculate the remainder when 25025 is divided by 158.
61
Calculate the remainder when 126757585 is divided by 1467.
1450
Calculate the remainder when 4127 is divided by 718.
537
What is the remainder when 4735759 is divided by 1183791?
595
What is the remainder when 30663363 is divided by 1613861?
4
What is the remainder when 33264668 is divided by 16632331?
6
Calculate the remainder when 153829 is divided by 153784.
45
What